rime factors of w(z).
2, 13
What are the prime factors of (161/21 - 7)*53*(-852)/(-2)?
2, 53, 71
Let u be 4 + (-65)/26 - (-705)/2. Let o = u - 120. What are the prime factors of o?
2, 3, 13
Suppose -2*p + 206 + 324 = 0. Let v = 32 - -111. Let n = p - v. List the prime factors of n.
2, 61
Let f = -12 + 17. Suppose -f*l = -9*l + 1184. Suppose 4*q + l = 4*j, j - 62 - 8 = -q. List the prime factors of j.
2, 3
Suppose 40 = 3*f - 5*s - 0*s, -f - 3*s = -4. Let j(g) = 22 + g + 2*g**2 + 0*g - 84. What are the prime factors of j(f)?
2, 37
Let a = -14 + 15. Suppose a = 4*t - 27. Suppose -t*q = -q - 336. List the prime factors of q.
2, 7
Suppose -112 = -3*s + g - 2*g, -2*g = 3*s - 116. Suppose s = -u + 17. Let l(y) = y**3 + 20*y**2 + 18*y + 9. List the prime factors of l(u).
2, 7
Let v(f) = 35*f**2 + 11*f - 26. Let t be v(4). Let k = t - 39. List the prime factors of k.
7, 11
Let j(s) = -3*s - 3. Let v be j(-3). Let q = 42 - v. Suppose q*r - 32*r = 264. What are the prime factors of r?
2, 3, 11
Let j(h) = 186*h**3 - 153*h + 623. What are the prime factors of j(4)?
5, 2383
Let r be ((-1)/4)/(4/(-16)). Suppose -3*i = 2*i - 2*k - 17, 0 = i - 5*k - 8. List the prime factors of 8/(r/3*i).
2
Suppose 44*j - 78*j = 81940. Let b = j - -3432. What are the prime factors of b?
2, 7, 73
Let a = -66962 + 136289. What are the prime factors of a?
3, 7703
Let m(k) = 15*k - 25. Let z(l) = l**3 - 12*l**2 + 2*l + 7. Let u be z(12). List the prime factors of m(u).
2, 5, 11
Suppose -5*z = -12*z + 98. Suppose -4*v = -4*r + 20, -4*v = -2*r + 4 + z. Let a = 40 + r. List the prime factors of a.
41
Suppose -85229 = d - 4*d - 4*a, 5*d - 142067 = -2*a. What are the prime factors of d?
5, 5683
Suppose 0 = -v - s, 18*v - 17*v - 3*s = 0. List the prime factors of -464*3/(v + -3).
2, 29
Let o = -912 + 8353. What are the prime factors of o?
7, 1063
Let g(d) = d**2 + 5*d + 13. Let m be g(-4). Suppose 4*a - m = a. Suppose 0 = -5*v + j + 130, -2*j + a = -7. List the prime factors of v.
3
Let t(z) = z**2 + 6*z + 5. Let j be t(-4). Let r = -866 - -874. List the prime factors of 398/r - j/12.
2, 5
Let d = -22 - -27. Suppose 2*x = 7*x + s + 375, -d*x = -s + 365. Let p = -8 - x. What are the prime factors of p?
2, 3, 11
Let l be (90/12 + -8)*0. Suppose l = -2344*u + 2340*u + 4724. List the prime factors of u.
1181
List the prime factors of (-3)/5 + 3204540/900.
2, 5, 89
Let b(a) = -a**2 - 10*a - 5. Let n = 5 - 14. Let v be b(n). What are the prime factors of v*-37*6/(-12)?
2, 37
Let h(c) = 8*c - 33. Let u be h(4). Let p = u - -78. What are the prime factors of p?
7, 11
Suppose 2*g - 12050 = -2*q, 601*g = 603*g - 3*q - 12035. List the prime factors of g.
2, 3011
Suppose -487*n + 7064552 = -3807723. List the prime factors of n.
5, 19, 47
Let u be 8/(-20) - 4/(-40)*3134. Let v = 981 - u. List the prime factors of v.
2, 167
Suppose r + 8 = -0*r + 4*f, 5*f = 0. Let y = r + 24. Suppose -24 = -2*o - y. List the prime factors of o.
2
Let y = -90 - -88. List the prime factors of (2716*6/(-18))/(y/3).
2, 7, 97
Let f be (-66 + 92)*(1 + 2/(-4)). Let z(q) = 2*q**2 - q - 8. List the prime factors of z(f).
317
Let u be 386 - (8/36 - 32/(-18)). Suppose 5*j - d = d + 641, 3*j - u = d. Suppose -k = -4*o - j, 4*o + 172 = 2*k - 94. List the prime factors of k.
139
Suppose 0 = 7*f - 3*j - 36421 - 46802, 59409 = 5*f + 3*j. List the prime factors of f.
2, 3, 7, 283
Let l = 41338 + -17324. What are the prime factors of l?
2, 12007
Suppose -3*p = -87 + 78. Suppose p*r - 2*r = 5*c + 219, 979 = 5*r + 4*c. Let x = -92 + r. What are the prime factors of x?
107
Let v(z) = 108*z - 442. List the prime factors of v(28).
2, 1291
Let d = 318 - -8006. List the prime factors of d.
2, 2081
Let l = 15 - 13. Suppose -6*y + l*y + 144 = 0. Let w = y - -104. List the prime factors of w.
2, 5, 7
Let n(b) = b**2 - 15*b + 35. Suppose 7*y - 40 = 3*y. Let m be n(y). What are the prime factors of ((-85)/m + -6)/((-1)/375)?
5
Let z(r) = 20*r + 4542. List the prime factors of z(-22).
2, 7, 293
Suppose -28*a - 59 = 501. What are the prime factors of (232/a)/(56/455)*-16?
2, 13, 29
Let p(r) = -31*r + 44*r - 17 - 32. List the prime factors of p(13).
2, 3, 5
Suppose 339765 - 60028 = 19*d. List the prime factors of d.
14723
Let m(s) = 471*s + 1110. What are the prime factors of m(15)?
3, 5, 109
Let p(k) = k**2 + 10*k + 18. Let h be p(-4). Let m(z) = -2*z**2 - 13*z + 7. Let i be m(h). Suppose 4*x - i = 3*x. What are the prime factors of x?
13
Let i(n) = 12*n**2 - 49*n - 17. Let v be i(5). Let z = -43 - -63. Suppose r = 5*x + v + z, -4*x = -4*r + 296. What are the prime factors of r?
2, 3, 13
Let t be 0*(-5)/(-10)*-1. Suppose t = 3*c - 9*c - 1020. What are the prime factors of (0 - c) + 2 + (-6)/2?
13
Let j(p) = -6*p - 14. Let m be j(-3). Let d(c) = -8 + 20*c**2 + 0*c**2 + 12 + m*c. List the prime factors of d(-2).
2, 19
Let v(o) = -28*o - 144. Suppose -5*x - 62 = -22. List the prime factors of v(x).
2, 5
Let o = 30 + -13. Let f = 20 - o. Suppose 325 = f*x + 67. List the prime factors of x.
2, 43
Suppose 25*y = -2213 - 712. List the prime factors of (-6)/27 - 53612/y.
2, 229
Suppose -399419 - 2085891 = -87*t + 1631704. What are the prime factors of t?
2, 3, 11, 239
Let w(t) = -31 + 40*t - 37*t - 50. Let k be w(29). Suppose -b = d - 203, b - 204 = -k*d + 4*d. List the prime factors of b.
2, 101
Let k = 56 + -52. Suppose -2314 - 110 = -k*g. List the prime factors of g.
2, 3, 101
Suppose -8*z - 21 = 43. List the prime factors of z*(-2)/4*118.
2, 59
Suppose 0 = -2*l + 2*z + 51046, -4*l + 55*z = 54*z - 102074. List the prime factors of l.
17, 19, 79
Suppose 30 = -21*k + 11*k, 0 = -r + 2*k + 2247. What are the prime factors of r?
3, 83
List the prime factors of (13536/(-180))/(2/((-3)/((-9)/(-1905)))).
2, 47, 127
Let z be (20/6 - 3)*-6. Let u be 3/z + (-105)/(-2). Suppose 5*t = 4*r + 359, -3*t + 154 = -5*r - u. What are the prime factors of t?
3, 5
Suppose -224*o + 219*o = -5. Let l = 107 + -69. Let u = l + o. List the prime factors of u.
3, 13
Let h(n) = -n**2 - 31*n - 20. Let s be h(-30). Let d(v) = 4*v**2 - 12*v - 23. Let j(m) = -m**2 + 1. Let z(x) = -d(x) - 3*j(x). List the prime factors of z(s).
2, 5
Suppose -10*s - 1584 = s. Suppose 4*o - d = -296, 5*o = 3*d - 2*d - 371. Let y = o - s. List the prime factors of y.
3, 23
Let a(l) = 3*l - 72. Let j be a(25). Suppose d - 3*v = -4*d + 532, j*v = 4*d - 428. List the prime factors of 535/4 - (d/(-32) + 3).
2, 67
Let c(i) = -i**3 + 8*i**2 + 8*i + 1. Let x be c(9). Let f be 2 + x + 1 + -1. Let k(h) = 2*h**2 - h + 6. What are the prime factors of k(f)?
2, 3, 7
Let z = 3794 - -5182. What are the prime factors of z?
2, 3, 11, 17
Suppose -5*b + 8*b - 72897 = -4*t, -3*b = 2*t - 36453. List the prime factors of t.
2, 3, 3037
Let i(t) = -2*t + 37. Let d be i(16). Suppose -j + 4*j + 1 = d*p, 1 = j - 3*p. What are the prime factors of (j + (-1 - -191))/2?
2, 47
Let w(l) = -1192*l + 9102. What are the prime factors of w(6)?
2, 3, 5, 13
List the prime factors of (27 - (-31 + 7))*(1 + 2314/6).
2, 5, 17, 29
Let x(q) = 42*q - 254. Let f be x(46). Suppose 12574 = 16*o + f. List the prime factors of o.
3, 227
Let j(i) = i**2 + 15*i - 53. Let x be j(-18). What are the prime factors of 398 + -22 + 4/x?
2, 5, 19
Let k = -1262 + 7489. What are the prime factors of k?
13, 479
Suppose -3*q + 3*x = -q - 83690, -2*q - 2*x = -83670. What are the prime factors of q?
7, 43, 139
Let o = 52996 - 20150. What are the prime factors of o?
2, 11, 1493
Let d(r) = r**3 + 86*r**2 - 65*r - 944. What are the prime factors of d(-80)?
2, 31, 43
Let m = -893 + 893. Suppose -5*u - 5*q + 1465 = m, 4*u - 32*q + 37*q - 1174 = 0. List the prime factors of u.
3, 97
Suppose 2*r = 5*q - 23, 4*r + 21 = 4*q - 7. Let n(d) = d - 2. Let v be n(2). Suppose -z - q*z + 80 = v. List the prime factors of z.
2, 5
Let j be ((-5)/(-10)*0/(-5))/1. What are the prime factors of 8946/7 + j + (2 - 0)?
2, 5
Suppose 20*r - 41111 = -6971 + 11760. List the prime factors of r.
3, 5, 17
Let r = -9276 + 23631. What are the prime factors of r?
3, 5, 11, 29
Suppose -y - 4*i + 14582 = 0, -135156 = -6*y - 4*i - 47844. What are the prime factors of y?
2, 7, 1039
Suppose -5*u = -2*d - 349, -5*u - 5*d + 6*d = -347. Let s = -46 + u. What are the prime factors of s?
23
Let c be (8/14)/((